lculate the greatest common factor of 1262789 and 407.
11
Calculate the highest common factor of 1073 and 539994761.
1073
What is the greatest common factor of 120744 and 9477?
351
What is the highest common factor of 3993031 and 6601?
287
What is the highest common divisor of 640 and 614624?
32
Calculate the highest common factor of 95 and 114456.
19
What is the highest common divisor of 952 and 1365952?
56
Calculate the highest common factor of 327840120 and 648.
72
What is the greatest common divisor of 663 and 1911276?
51
What is the greatest common factor of 13359374 and 632?
158
Calculate the highest common divisor of 460 and 21589870.
230
Calculate the highest common divisor of 268 and 20309844.
268
What is the greatest common divisor of 2609764 and 80622?
2986
Calculate the greatest common factor of 8432 and 220496.
16
What is the highest common factor of 84 and 4348974?
42
Calculate the highest common divisor of 1210 and 69616800.
110
Calculate the highest common divisor of 4133517 and 1819.
107
What is the highest common divisor of 211 and 130886887?
211
What is the greatest common factor of 320 and 1754560?
320
What is the greatest common divisor of 3340704 and 180492?
1068
Calculate the highest common factor of 1564192920 and 120.
120
Calculate the greatest common factor of 749340 and 118555.
905
Calculate the highest common divisor of 1188 and 7849116.
1188
What is the greatest common factor of 11528 and 4480069?
1441
What is the highest common divisor of 6175187 and 2279?
43
What is the highest common factor of 26351 and 2422265?
2027
What is the highest common divisor of 1282959 and 9729?
423
What is the greatest common divisor of 34714 and 20791?
17
What is the highest common factor of 20114 and 2826130?
226
What is the greatest common divisor of 29428190 and 16830?
1870
What is the greatest common factor of 5312 and 441145664?
5312
Calculate the highest common divisor of 59656 and 27848.
8
Calculate the highest common divisor of 3141 and 61773.
1047
What is the highest common factor of 16812653 and 429?
143
Calculate the highest common divisor of 1305446 and 328.
2
Calculate the highest common factor of 3332296 and 74404.
836
Calculate the highest common divisor of 4758424 and 13984.
184
What is the greatest common divisor of 1214 and 18944?
2
Calculate the greatest common divisor of 29907909 and 1791.
1791
What is the highest common factor of 69246259 and 1259?
1259
What is the greatest common divisor of 183876 and 25949?
77
What is the greatest common divisor of 50056 and 128?
8
What is the greatest common divisor of 12096 and 3917664?
288
What is the highest common divisor of 64 and 41523616?
32
What is the highest common divisor of 3069 and 5403321?
99
Calculate the greatest common divisor of 1339 and 1784731.
13
What is the greatest common factor of 6288 and 104388?
12
What is the greatest common factor of 73553688 and 738?
18
Calculate the greatest common factor of 1270 and 2223135.
635
What is the highest common divisor of 383972540 and 2380?
2380
Calculate the highest common factor of 865690422 and 51.
51
What is the highest common divisor of 30078730 and 10?
10
What is the highest common divisor of 8048864 and 32?
32
Calculate the highest common factor of 36446146 and 6248.
1562
What is the highest common factor of 3766131 and 36?
9
What is the highest common divisor of 91227 and 370548?
141
What is the greatest common divisor of 1156 and 1269424?
68
Calculate the highest common factor of 388261978 and 2626.
2626
What is the greatest common divisor of 31606769 and 444?
37
Calculate the highest common divisor of 140 and 11531020.
20
Calculate the greatest common divisor of 5342421 and 3381.
147
What is the greatest common factor of 173238450 and 1001?
77
Calculate the highest common divisor of 97582 and 746124.
194
What is the highest common factor of 1530675 and 6435?
45
Calculate the greatest common factor of 44 and 1558592.
4
Calculate the highest common divisor of 7872 and 6384438.
246
Calculate the greatest common factor of 72813710 and 604.
302
Calculate the highest common factor of 2728550 and 172200.
2050
What is the highest common divisor of 7072 and 14558392?
136
What is the greatest common divisor of 206965 and 1325?
265
What is the highest common divisor of 4014 and 486105435?
2007
Calculate the greatest common factor of 553909 and 3979.
23
Calculate the greatest common factor of 446 and 247063930.
446
What is the highest common divisor of 78975166 and 2108?
1054
What is the highest common divisor of 10530283 and 446?
223
What is the greatest common factor of 5962 and 443480389?
2981
What is the greatest common factor of 1193 and 4203?
1
Calculate the highest common divisor of 10210 and 2832208055.
5105
What is the greatest common factor of 920475 and 49500?
225
Calculate the highest common divisor of 11182 and 23558.
2
Calculate the greatest common divisor of 2985 and 3179145.
15
What is the greatest common factor of 292465 and 67889?
29
What is the highest common divisor of 59780 and 11587520?
980
Calculate the highest common divisor of 72666 and 9603.
99
What is the highest common divisor of 412114130 and 40?
10
What is the highest common divisor of 326245 and 575294?
919
What is the greatest common divisor of 30586 and 20976401?
373
What is the highest common factor of 2374515 and 152685?
5265
Calculate the greatest common factor of 50666215 and 9170.
655
Calculate the highest common factor of 46901088 and 39.
39
Calculate the greatest common divisor of 29565 and 2595.
15
What is the highest common factor of 1381518 and 7452?
414
Calculate the greatest common divisor of 2278610 and 3795.
115
Calculate the greatest common factor of 1549279 and 11096.
1387
What is the highest common factor of 40302387 and 4842?
2421
Calculate the greatest common factor of 567 and 5070231.
9
What is the highest common factor of 1975 and 3741835?
395
Calculate the greatest common divisor of 9378816 and 1278.
426
Calculate the greatest common factor of 91668460 and 7046.
7046
What is the highest common factor of 90 and 6165030?
30
Calculate the greatest common divisor of 22 and 497385614.
22
What is the greatest common divisor of 938 and 42530796?
938
What is the greatest common divisor of 10 and 74726690?
10
What is the greatest common divisor of 20 and 366757960?
20
What is the highest common divisor of 41320 and 668?
4
What is the highest common factor of 9075 and 6720945?
1815
Calculate the greatest common factor of 182304 and 707694.
1266
What is the greatest common divisor of 8974 and 10004728?
1282
What is the greatest common divisor of 14218 and 8254?
2
What is the greatest common divisor of 10576 and 427667?
661
Calculate the highest common divisor of 27220895 and 65.
65
What is the highest common factor of 32125518 and 108?
54
Calculate the highest common factor of 199119123 and 63.
63
Calculate the greatest common factor of 907 and 1289988913.
907
Calculate the highest common factor of 1964979675 and 675.
675
What is the highest common divisor of 2061576 and 62568?
792
What is the greatest common divisor of 1353565 and 1693560?
6415
Calculate the highest common divisor of 9079292 and 612.
68
What is the greatest common divisor of 161017450 and 9350?
550
What is the greatest common factor of 18563 and 335597?
19
What is the greatest common factor of 34798220 and 20?
20
What is the highest common divisor of 114 and 26806929?
57
What is the highest common factor of 2446015 and 2057?
121
What is the highest common divisor of 78 and 5328453?
39
Calculate the greatest common factor of 23175 and 6241491.
927
Calculate the greatest common factor of 6075 and 1283400.
225
What is the highest common factor of 429 and 3913239?
33
Calculate the greatest common factor of 50424 and 47806536.
4584
Calculate the greatest common divisor of 164 and 171138305.
41
What is the highest common divisor of 548 and 2837?
1
Calculate the greatest common factor of 5055197 and 986841.
3781
What is the highest common factor of 379635 and 7230?
15
What is the greatest common divisor of 50408803 and 164?
41
Calculate the highest common divisor of 38953904 and 8602.
506
What is the highest common factor of 148599964 and 150926?
8878
Calculate